ime factors of z.
3, 11
Let a = 243 - 172. Suppose 0 = p - 5, 2*w + 89 = 8*p - 3*p. Let n = w + a. What are the prime factors of n?
3, 13
Let h(s) = s**3 - 7*s**2 + s - 10. Let p be h(7). What are the prime factors of (p - 1914/18)*-3?
2, 41
Suppose 2*f - 79 = 55. Let g = 45 + -80. Let n = f + g. List the prime factors of n.
2
Let v(i) = -i**3 + 8*i**2 - 11*i + 13. Let h be v(6). Let w(q) = q**2 - 21*q - 14. Let o be w(h). List the prime factors of 2/(2 - (-103)/o).
2, 13
Suppose 92*q = 194524 + 11832. List the prime factors of q.
2243
Let g = 34 - 9. What are the prime factors of (940/(-8))/(g/(-60))?
2, 3, 47
Let b = -24 - 9. Let i(f) = -f**3 + 12*f**2 + 7*f + 13. Let d be i(12). Let y = b + d. List the prime factors of y.
2
Let v = 72215 - 48299. What are the prime factors of v?
2, 3, 1993
Let h = -31 + 74. Let f = 390 - h. What are the prime factors of f?
347
Suppose -36991 - 11893 = -7*y - 4*y. List the prime factors of y.
2, 11, 101
Let h(a) = -3*a**3 + 4*a**2 - 2*a + 7. Suppose -2*x = 3*x + 5*d + 35, 3*d + 25 = -4*x. Let y be h(x). Let v = y - 190. What are the prime factors of v?
3
Suppose 20 = 28*s - 23*s. Suppose -s*p + 5*c + 81 = 0, p + 3*c = c + 30. What are the prime factors of p/36 + 464/6?
2, 3, 13
Suppose 0 = c - 329 + 219. Suppose 4*f = 4*v - 40, -2*v = -2*f + 3*v - 14. List the prime factors of (c/(-8) - 0)*f.
3, 5, 11
Let g = 38301 + 18225. What are the prime factors of g?
2, 3, 9421
Let p(j) = 178*j**2 + 12*j - 4. Let l be p(8). Suppose 221*o - l = 209*o. What are the prime factors of o?
3, 11, 29
What are the prime factors of 10*5/25 + 3478?
2, 3, 5, 29
Let g be (-3 + -2)/(7/14). Let i(m) = m**3 + 10*m**2 + 10. Let k be i(g). What are the prime factors of -90*(1 + (-15)/k)?
3, 5
Let z(f) be the first derivative of f**4/4 - f**3/3 - 3*f**2/2 + 34*f + 174. List the prime factors of z(0).
2, 17
Let n = 42 + -31. Suppose 10*y + 17 = n*y. List the prime factors of (y/34)/(2/68).
17
Suppose 23*p - 395032 = 34*p. List the prime factors of 2/20 - (8 - p/(-80)).
3, 7
Let l(t) = -t**3 + 9*t**2 - 8*t + 18. Let y be ((-2)/2 + -8)/(3/(-4)). Let c be (28/y)/(1/3). List the prime factors of l(c).
2, 3, 5
Let s(a) = -6*a**3 + 16*a**2 + 21*a - 3. What are the prime factors of s(-5)?
2, 521
Let v be 879/(-6) + 15/(-10). Let f = v + 400. Suppose 0 = -0*b - 3*b + f. List the prime factors of b.
2, 3, 7
Suppose c - 4*i = i, 0 = -3*i + 3. Suppose -c*k + 3*p = 5, 2 = 2*k - p + 3. What are the prime factors of 3 + 154/k - 1*-3?
83
Suppose 5*h - 2*n = 6 - 10, 0 = -3*h - 3*n - 15. What are the prime factors of (-11 - (-1020 + h)) + -1 + 3?
1013
Let q be 2/(-5) + 8664/60. List the prime factors of 66/27 - 2 - (-108944)/q.
757
Let o(b) = 161*b**2 + 10*b - 13. List the prime factors of o(6).
5843
Let y(b) be the third derivative of b**5/12 + b**4/3 - 65*b**3/6 + 22*b**2. What are the prime factors of y(-14)?
11, 73
Let v = -68 + 84. Suppose -2*t + 3*s + 1493 = 0, 12*s - v*s = t - 719. List the prime factors of t.
739
Let q(p) = 3*p**2 + 9*p - 3*p + 13 + 9. List the prime factors of q(7).
211
Let y be -1*(-3 + 0 + 1). Let g be 18*(y + (-3 + -1)/4). Suppose -5*p = -6*p + g. List the prime factors of p.
2, 3
Let s(t) = -2*t**3 - 19*t**2 - 11*t - 15. Suppose -151*d = -150*d + 11. What are the prime factors of s(d)?
7, 67
Suppose 5*i + x + 0*x - 57 = 0, 4*i - 34 = 5*x. Let o = i + -11. Suppose o*j + 4*k = 2*j - 90, 240 = 5*j - 5*k. What are the prime factors of j?
3, 17
Let l(r) = -56*r - 2. Suppose -v = 13 + 90. Let y = 102 + v. What are the prime factors of l(y)?
2, 3
Let u(h) = -7*h + 67. Let z be u(9). Suppose z*x - 6*x = -1984. What are the prime factors of x?
2, 31
Suppose 3*i + 5*g + 68650 = 233538, -4*i + 5*g + 219874 = 0. What are the prime factors of i?
2, 3, 9161
Let q = 1749 - -485. Suppose -3*x + 5*h + q = -47, 3052 = 4*x + 4*h. What are the prime factors of x?
2, 3, 127
Let i(o) = 286*o + 3260. What are the prime factors of i(9)?
2, 2917
Let s = -9 - 5. Let l(k) = -k**3 - 9*k**2 + 32*k - 16. What are the prime factors of l(s)?
2, 3, 43
Let s(f) = f**2 - 7*f + 23. Let x be s(7). Suppose -4 = l - v, -3*l + v - 5*v = -x. List the prime factors of -1 - (l - -3 - 34).
29
Suppose 0 = -5*t + 4*l + 4126, -3*t + 0*l + 3*l + 2475 = 0. What are the prime factors of t?
2, 7, 59
Let b(z) = -z**3 + z**2 + 3*z - 20. Let a be b(-4). Suppose 5*t = c + 584, c = t - 68 - a. List the prime factors of t.
3, 13
Let y(a) = -a**2 - 6*a - 5. Let h be y(-2). Let z = 401 - 272. Let j = z - h. What are the prime factors of j?
2, 3, 7
Let g = 1002 + 5527. List the prime factors of g.
6529
Suppose 1665 = 2*n + 3*v, -2*n + 7*n - 4167 = -3*v. Let u be 100/125 + 6/20*n. Suppose -u - 74 = -5*q. List the prime factors of q.
5, 13
Suppose -11*f = -38293 - 19292. What are the prime factors of f?
3, 5, 349
Suppose 0 = 5*v + 133 - 143. Suppose -4*u - 4*b = -747 - 1029, 0 = 3*u - v*b - 1312. What are the prime factors of u?
2, 5, 11
Suppose -10*l - 126 - 344 = 0. Let n = l - -86. What are the prime factors of n?
3, 13
Let t(x) = -2*x**3 - 44*x**2 - 41*x + 57. Let y be t(-21). Let a be 6*((-10)/(-4))/5. Suppose a*k - 486 = -y. What are the prime factors of k?
2, 3, 5
Let t(q) = -172*q + 84*q - 30 + 73*q. What are the prime factors of t(-7)?
3, 5
Let c(l) = 34*l**2 - 45*l. List the prime factors of c(-12).
2, 3, 151
What are the prime factors of (-3)/24 + (-34227515)/(-2520) + 2/(-9)?
2, 6791
Suppose 4*d = -8, -2*m = 3*d + 13866 - 37706. What are the prime factors of m?
11923
Suppose -4*m - 5941 = 3*w - 20049, 5*w = -4*m + 23524. What are the prime factors of w?
2, 11, 107
Suppose 2*c - 1372 = -2*i, 0 = 4*i + 4*c - 8*c - 2728. Let m = i + -350. List the prime factors of m.
2, 167
Let c be 6/4*40/(-60). Let k(m) = -1096*m - 6. What are the prime factors of k(c)?
2, 5, 109
Suppose -5*s = -2*l - 111921, -5997*l + 67111 = 3*s - 5993*l. What are the prime factors of s?
22381
List the prime factors of 973917/21 + 20/(-2) - -11.
2, 23189
Let f(w) be the second derivative of 2*w**3 + 45*w**2/2 + 3*w - 28. List the prime factors of f(4).
3, 31
Let y = -9776 + 14003. What are the prime factors of y?
3, 1409
Suppose -2*o = 5*o - 35. Suppose -5*n = -0*t - 2*t - 39, 5*t + 75 = o*n. List the prime factors of (688/t)/(14/(-21)).
2, 43
Let w be ((-2)/(-4))/(28/1400). Suppose -2*m - 101 = w. List the prime factors of m/(-1 + -3 - -3).
3, 7
Suppose 4*n - 148 = 2*u, 4*n - 111 = n + 3*u. Suppose n*j - 36*j - 16 = 0. Let f(v) = v**2 - 11*v - 32. List the prime factors of f(j).
2, 3
List the prime factors of ((-2)/16 + (-25)/(-8))*(4322 + 0).
2, 3, 2161
Let x be 6 + 11/((-33)/(-822)). Let j = -39 + x. What are the prime factors of j?
241
Let m be 2 + (80 - (-10)/5). Suppose 4*s - 48 - m = 0. Suppose -5*i = 3*a - 0*i - s, -5*a + 4*i + 18 = 0. What are the prime factors of a?
2, 3
Let w be (-5)/3*-3 + -2. Suppose -3*l = 5*b - 461, -116 - 159 = -w*b - l. What are the prime factors of -11 + b - -1*(-2)/(-1)?
2, 41
Suppose -5*u + 163 - 2333 = 0. List the prime factors of u/10*-5*1.
7, 31
Suppose -a + 37*l + 16673 = 36*l, 2*a + 4*l = 33304. What are the prime factors of a?
2, 13, 641
List the prime factors of ((-105)/7 + 7)/(3/(-456) - 0).
2, 19
Let g be (-990)/297*((-24)/(-10))/(-1). Suppose -2*b - 3*f + 1801 = -g*f, 2*b - 2*f = 1816. List the prime factors of b.
11, 83
Suppose 0 = 17*m - 206 - 304. List the prime factors of (m/(-4))/((-7)/(8512/12)).
2, 5, 19
List the prime factors of (-2)/((319/(-13222))/29).
2, 601
Let s = -125 + 121. Let d(a) = -3*a**3 - 5*a**2 + 7*a + 15. List the prime factors of d(s).
3, 11
Let r = -912 + 1656. What are the prime factors of 30/(9/r*2) + 5?
3, 5, 83
Suppose -11*q + 14*q - 3*k - 23166 = 0, -3*q + 5*k + 23160 = 0. What are the prime factors of q?
3, 5, 103
Let m be (1 + (-2228)/(-12))*(6 + -3). Suppose 2*n - m - 140 = -3*t, -4*t - 1440 = -4*n. What are the prime factors of n?
2, 89
Suppose -2*f + 5*k - 1401 - 4459 = 0, 5852 = -2*f + k. Let p = -2735 - -2727. List the prime factors of (-2)/p - f/12.
2, 61
Let s(v) = 5*v**2 - 11*v - 16. Let x = -103 + 97. List the prime factors of s(x).
2, 5, 23
Let b(f) = 2*f**2 + 3*f**2 + 2*f**2 - 6*f - 4*f**2 - 6. Let k be 4/36 - ((-534)/54 + 5). List the prime factors of b(k).
3, 13
Let w(l) = 43 + 6*l**2 - 9*l**2 + 0 + 2*l + 2*l**3